 + 68 = 0. Suppose 3*x - 5*x + o = 0. Suppose 5*b - x = 11. What is the units digit of b?
7
What is the tens digit of (-10 - 2/4)*(-46)/3?
6
Suppose 3*h + 3*z - 6 = 0, h - z = -2*h + 2. What is the units digit of 374*h/2 - 3?
4
Let p(h) = 2*h**2 + h + 11. Let m = 13 + -10. Let w = -3 + m. What is the tens digit of p(w)?
1
Suppose 3*h - 2*o - 1378 = 0, 0*h + h = 4*o + 476. What is the tens digit of h?
5
Suppose 0 = 2*p + 2*s - 2, -5*p - 7 = -2*s - 47. Let o(t) = 16*t + 8. Let x be o(p). Suppose 4*c + 0 - x = 0. What is the units digit of c?
6
What is the hundreds digit of (-106304)/(-99) + 12/54?
0
Let y(z) = -z**3 - z + 117. Let h be y(0). Suppose h = w + 8*w. What is the units digit of (598/w)/(1 + 1)?
3
Let r(s) be the first derivative of s**2 + 5*s + 5. Let w be r(4). What is the units digit of 249/w + (-8)/52?
9
Let m = 396 - 384. Suppose -2*r + 4 = -6. Let z = m + r. What is the units digit of z?
7
Let o = -1233 + 1740. What is the hundreds digit of o?
5
Suppose 0 = 2*s + 4*m - 18, 3*s + 5 = -m + 12. What is the units digit of (-2*103/6)/(s/(-3))?
3
Suppose 61 = 6*p - 59. Suppose -5 = -5*a + x, -3*a - 2*x - 4 = -p. Let f(z) = 3*z + 2. What is the units digit of f(a)?
8
Suppose 2*g - 18 = 4*a - 0*g, -g + 3 = 0. Let q be 3/a*(-38)/2. What is the tens digit of (1 - q)*4/(-3)?
2
Let l(h) = -46*h - 16. Let i be l(-10). Suppose -6 = -2*m - m, 5*x = -2*m + i. What is the tens digit of x?
8
Suppose 9*u = -7*u + 31920. What is the tens digit of u?
9
Suppose 4 = 4*r - h + 22, -4*r - 2*h - 12 = 0. What is the tens digit of r/(17/(-16) + 1)?
6
Let s(z) = -2*z + 2*z**2 - 3*z - 2*z - 5*z + 13. What is the units digit of s(10)?
3
Let g = 3 - -220. Suppose -9*p + 479 = -g. What is the tens digit of p?
7
Let b be 4*((-9)/(-3) - 2). Let a be (60/6)/(b/2). Suppose 4*r + r = a. What is the units digit of r?
1
Suppose -3*u + 606 = -867. What is the tens digit of u?
9
What is the thousands digit of (-5030)/(-225)*5*9?
1
Let l be 16/(-28) - 4/(-7). Suppose l*o - 13 = -2*p + o, 5*o = -3*p + 13. What is the units digit of p?
6
Suppose -57 = -2*b - b. Suppose 5*o - 2*x - b = 0, 2*x + 13 = 5*o - 2*x. Suppose -3*v = -o*v + 36. What is the tens digit of v?
1
Let l(h) = -h**3 - 3*h**2 + 7*h + 51. What is the tens digit of l(-8)?
1
Let u(x) = 24*x**2 + 4*x - 171. What is the tens digit of u(-8)?
3
Suppose -6*c + 5856 = 18. What is the units digit of c?
3
Let g(k) = -9*k**3 - 3*k**2 - 2*k + 12. What is the tens digit of g(-4)?
4
Suppose c + 1 = 22. Suppose -3*r + 6 = -c. What is the units digit of (-2)/(-6) - (-465)/r?
2
Let o(f) = f**3 + 7*f**2 + 8*f - 7. Let b be o(-5). Suppose 675 = 5*a - 4*u - u, -3*a = b*u - 405. What is the units digit of a?
5
Let a be (-4)/30 + (-4)/((-120)/(-26)). What is the hundreds digit of (95 - 38)/(a + 17/14)?
2
Suppose -15*f + 22739 + 7786 = 0. What is the units digit of f?
5
Suppose -5*q - 379 - 76 = 0. Let g = q - -183. What is the units digit of g?
2
Let i(n) = -3*n - 40. Let h be i(-14). Suppose 0 = p + h*p - d - 118, 0 = -5*p - 3*d + 178. What is the units digit of p?
8
Let c(g) = 81*g**2 + 2*g - 16. What is the tens digit of c(4)?
8
Let h(w) = -3*w**2 - 7*w - 114. Let q(a) = -16*a**2 - 36*a - 570. Let u(r) = -11*h(r) + 2*q(r). What is the tens digit of u(0)?
1
Let h be 20/9*15/25*3. Suppose 0 = n + p - 17, -h*n + p = -2*n - 19. What is the tens digit of n?
1
Let u(m) = 6*m**3 - 2*m**2 - m + 2. Let w(h) = -7*h**3 + 2*h**2 - 1. Let k(l) = 5*u(l) + 4*w(l). What is the units digit of k(3)?
7
Let d(f) be the second derivative of f**5/20 + 13*f**4/12 - f**3/6 + 7*f**2/2 - 9*f. Let c be d(-13). Suppose -c - 31 = -r. What is the tens digit of r?
5
Let i(r) be the first derivative of r**7/840 + r**5/40 + r**4/24 - 4*r**3/3 + 3. Let t(h) be the third derivative of i(h). What is the tens digit of t(3)?
3
Suppose 213 = -l - 85. What is the units digit of (-3)/(((-18)/l)/(-3))?
9
Suppose -4*i = -7*q + 8*q - 1566, 6192 = 4*q - 2*i. What is the tens digit of q?
5
Suppose 2*l - 4*n - 2551 = 1729, -n = -2*l + 4280. What is the thousands digit of l?
2
Suppose -4*i + 8*i - 16 = 2*a, 2*a + i - 9 = 0. Let p be (a + -9)/((-2)/4). Let m = -1 + p. What is the tens digit of m?
1
Suppose 0 = 6*l - l - 600. Let t = l + -86. What is the tens digit of (-4)/(-10)*5 + t?
3
Suppose -j = 2*j - 117. Suppose j + 97 = 4*s. What is the units digit of s?
4
Suppose -178*u - 26586 = -192*u. What is the tens digit of u?
9
Let a(y) = y**2 - 15*y + 2. Let g be a(15). Suppose -n = g*n - 411. What is the units digit of n?
7
Let b(g) = 12*g + 1. Let d be b(2). Suppose d = -9*t + 610. What is the tens digit of t?
6
Let j be -1 - -2*(-51)/(-6). Let r = j - 12. What is the tens digit of 2/(-20)*r*-25?
1
Suppose -592 = -3*d - 136. Let i = d - 83. What is the units digit of i?
9
Let v = -1203 - -2030. Suppose -601 = -5*q - 4*r, -227 = 5*q + 5*r - v. What is the tens digit of q?
2
Suppose n - 3*n = -10. Suppose -4*q + 8 = -4*j, -j - 8 = q - n*q. Suppose j = -4*a + 8, a = -3*r + 41. What is the units digit of r?
3
Let q(a) = a**3 - 3*a**2 - 2*a + 2. Let h be q(4). Suppose -j + h = j. Suppose -166 = -j*d - 26. What is the units digit of d?
8
Let x(l) = -l**3 - 5*l**2 + 6*l + 3. Let v be x(-6). Let q(a) = 2*a**2 - 13. What is the units digit of q(v)?
5
Suppose 5*d = i - 399, 0*i + 236 = -3*d + 4*i. What is the tens digit of (-312)/(-10) + 16/d?
3
Let s be (-1)/(2/(-5))*2. Suppose 0 = s*k - 7*o + 3*o - 11, 13 = 3*k + 4*o. Suppose -33 = -k*a + 3*j, -5*a + 4*j + 0*j = -54. What is the tens digit of a?
1
Let z(j) = j. Let h(d) = d**2 - 23*d + 30. Let v(q) = -h(q) - 6*z(q). What is the tens digit of v(14)?
1
Suppose -4 = -3*n - 34. Let p be (-9)/5*n/3. Let m(h) = h**3 - 3*h**2 - 6*h - 7. What is the tens digit of m(p)?
6
Let g(l) = -293*l + 376. What is the thousands digit of g(-5)?
1
Suppose 3*j = 4*d + 2 - 3, j + 5*d = 25. Suppose -j*g + 50 = -0*g. What is the tens digit of g?
1
Suppose -6*s = 42 - 18. Suppose -c + 0*c + 22 = 0. Let q = s + c. What is the tens digit of q?
1
Let c = 32 + -26. Let i(w) = 2*w**2 - 9*w + 13. Let o be i(c). Suppose -5*t = -4*z - 261, -o = -3*t + 4*z + 124. What is the units digit of t?
3
Let h = 937 + -342. What is the tens digit of h?
9
Suppose 0 = -15*p + 12*p + 6861. What is the thousands digit of p?
2
What is the tens digit of (-815)/(2 - 3)*63/35?
6
Suppose 0 = -0*a + 4*a + 60. Let h be a/2*2/(-3). Suppose -3 + h = 2*x. What is the units digit of x?
1
Let z(c) = -26*c + 152. What is the hundreds digit of z(-15)?
5
Let q(s) = -44*s. Let f(y) = -133*y - 1. Let d(i) = 2*f(i) - 7*q(i). Let p be d(1). Let j = -5 + p. What is the tens digit of j?
3
What is the tens digit of 740/3*(-5)/(-10)*3?
7
Suppose 0 = 73*w - 131217 + 17775. What is the thousands digit of w?
1
Let g = 52 + 0. Let q(o) = -o**3 - 6*o**2 - 2*o - 12. Let b be q(-5). Let y = b + g. What is the units digit of y?
5
Suppose -24*q = -27084 + 5844. What is the units digit of q?
5
Suppose -10 = 4*y + y, -h - 4*y - 2878 = 0. What is the tens digit of h/7*(2 - (-36)/(-15))?
6
Suppose 3*b + 2 = d, -2*b - 6 = -3*d - 0*d. Suppose 0*z - z + 109 = b. What is the tens digit of z?
0
Suppose 0 = 2*s - 4*v + 32, 80 = 4*s - 9*s - 3*v. Let r = s - -35. Let k = 30 + r. What is the units digit of k?
9
Suppose -5*z - 4*v + 4336 = 0, 3*v + 283 = z - 569. What is the units digit of z?
4
Let l(z) = -3*z + 2. Let g be l(0). Suppose -c = -g*f + 139, f = 6*c - 2*c + 52. What is the units digit of f?
2
Let i = 739 + 118. What is the tens digit of i?
5
Let h(w) = -6*w - 3. Suppose b - m - 8 - 2 = 0, -4*m + 41 = 5*b. Suppose -2*c - 2*y + 3 = y, -c = -2*y + b. What is the tens digit of h(c)?
1
Let x = -108 - -73. Let l be (-45)/x - 6/21. Let s = l - -10. What is the tens digit of s?
1
Let u = -2297 + 3276. What is the hundreds digit of (-6)/36 + (u/6 - 0)?
1
Suppose -5*g + 8 = -2*p, -6*g + 13 = -2*g + 5*p. Suppose g = -4*b + 6. Let d = 4 - b. What is the units digit of d?
3
Let q = 8285 - 5285. What is the thousands digit of q?
3
Let u = -968 + 1117. What is the units digit of u?
9
Let w = -1849 + 4102. What is the hundreds digit of w?
2
Let l(j) = -484*j - 197. What is the tens digit of l(-6)?
0
Suppose 2384 = -11*a + 6861. What is the tens digit of a?
0
Suppose -u = 3*i - 70, 3*i - 100 = 3*u + 2*u. What is the units dig